{"id":728,"date":"2019-07-22T11:15:58","date_gmt":"2019-07-22T10:15:58","guid":{"rendered":"http:\/\/zbmpilawagorna.pl\/?page_id=728"},"modified":"2019-07-23T13:41:17","modified_gmt":"2019-07-23T12:41:17","slug":"kosztorysowanie","status":"publish","type":"page","link":"http:\/\/zbmpilawagorna.pl\/?page_id=728","title":{"rendered":"Kosztorysowanie"},"content":{"rendered":"<h4 style=\"text-align: left;\"><\/h4>\n<h4><\/h4>\n<h4><strong>\u00a0Sporz\u0105dzanie kosztorys\u00f3w inwestorskich<\/strong><br \/>\n&#8211; do 20 pozycji &#8211; 123,00 z\u0142<br \/>\n&#8211; powy\u017cej 20 pozycji &#8211; 10,00 z\u0142 \/pozycja<br \/>\n<strong>przedmiar rob\u00f3t gratis<\/strong><\/h4>\n<p>&nbsp;<\/p>\n<div style=\"text-align: left;\">* Podane ceny s\u0105 warto\u015bci\u0105 brutto<img \/><\/div>\n<p>&nbsp;<\/p>\n<div style=\"align-item: left;\" class=\"image-kosztorys\"><\/div>\n ","protected":false},"excerpt":{"rendered":"<p>\u00a0Sporz\u0105dzanie kosztorys\u00f3w inwestorskich &#8211; do 20 pozycji &#8211; 123,00 z\u0142 &#8211; powy\u017cej 20 pozycji &#8211; 10,00 z\u0142 \/pozycja przedmiar rob\u00f3t gratis &nbsp; * Podane ceny s\u0105 warto\u015bci\u0105 brutto &nbsp;<\/p>\n","protected":false},"author":1,"featured_media":836,"parent":0,"menu_order":0,"comment_status":"closed","ping_status":"closed","template":"","meta":{"footnotes":""},"class_list":["post-728","page","type-page","status-publish","has-post-thumbnail","hentry"],"_links":{"self":[{"href":"http:\/\/zbmpilawagorna.pl\/index.php?rest_route=\/wp\/v2\/pages\/728","targetHints":{"allow":["GET"]}}],"collection":[{"href":"http:\/\/zbmpilawagorna.pl\/index.php?rest_route=\/wp\/v2\/pages"}],"about":[{"href":"http:\/\/zbmpilawagorna.pl\/index.php?rest_route=\/wp\/v2\/types\/page"}],"author":[{"embeddable":true,"href":"http:\/\/zbmpilawagorna.pl\/index.php?rest_route=\/wp\/v2\/users\/1"}],"replies":[{"embeddable":true,"href":"http:\/\/zbmpilawagorna.pl\/index.php?rest_route=%2Fwp%2Fv2%2Fcomments&post=728"}],"version-history":[{"count":18,"href":"http:\/\/zbmpilawagorna.pl\/index.php?rest_route=\/wp\/v2\/pages\/728\/revisions"}],"predecessor-version":[{"id":881,"href":"http:\/\/zbmpilawagorna.pl\/index.php?rest_route=\/wp\/v2\/pages\/728\/revisions\/881"}],"wp:featuredmedia":[{"embeddable":true,"href":"http:\/\/zbmpilawagorna.pl\/index.php?rest_route=\/wp\/v2\/media\/836"}],"wp:attachment":[{"href":"http:\/\/zbmpilawagorna.pl\/index.php?rest_route=%2Fwp%2Fv2%2Fmedia&parent=728"}],"curies":[{"name":"wp","href":"https:\/\/api.w.org\/{rel}","templated":true}]}}